 305410?
-305407
In base 6, what is -2 + 255245?
255243
In base 10, what is 10746 + 8?
10754
In base 16, what is e129 - -1e?
e147
In base 13, what is -383 - -5?
-37b
In base 8, what is -10 - 200277?
-200307
In base 5, what is -4 - -412004?
412000
In base 13, what is b - a9bca?
-a9bbc
In base 13, what is -1 - 19503?
-19504
In base 12, what is -1 + -8a270?
-8a271
In base 14, what is 76 + -ba?
-44
In base 3, what is 22122 + 22100?
121222
In base 2, what is 101010111001101 + 110000?
101010111111101
In base 8, what is -50465 - 56?
-50543
In base 8, what is 31 + -6260?
-6227
In base 14, what is -3381 - -3?
-337c
In base 5, what is -10023 - 2121?
-12144
In base 3, what is -101012 + -21?
-101110
In base 8, what is 122 - -16607?
16731
In base 5, what is -3 + 24231?
24223
In base 4, what is 13113 - 1123?
11330
In base 11, what is -7 + -56910?
-56917
In base 3, what is -202 + -21200?
-22102
In base 7, what is 1231543 - 2?
1231541
In base 3, what is 10 + 100212112?
100212122
In base 12, what is -6125 - 4?
-6129
In base 16, what is -5 - -19d0d?
19d08
In base 9, what is 6 + 7721?
7727
In base 2, what is -1000100110111101 - 100?
-1000100111000001
In base 7, what is 1325 - 353?
642
In base 15, what is 6ceb - 4?
6ce7
In base 15, what is ea + 63d?
738
In base 6, what is -11023 + -14?
-11041
In base 10, what is 3 - -15404?
15407
In base 13, what is -3 - 714a?
-7150
In base 4, what is 21103323 - 212?
21103111
In base 2, what is 10011000 - -110011011001?
110101110001
In base 5, what is -4 - 10443434?
-10443443
In base 5, what is 141023 + 3?
141031
In base 9, what is -3 - -72033?
72030
In base 16, what is -abd97 - 3?
-abd9a
In base 2, what is -10100001 + -10010111?
-100111000
In base 16, what is 8098 - 1?
8097
In base 2, what is -1001111 - 100011001000010?
-100011010010001
In base 6, what is 20 - 50504?
-50444
In base 11, what is 15869 + -5?
15864
In base 10, what is -6 + 520431?
520425
In base 5, what is 4 - -111202302?
111202311
In base 12, what is -4 + 265435?
265431
In base 3, what is 22 + -2101202110?
-2101202011
In base 12, what is -86 + -604?
-68a
In base 3, what is 20102022 + -12?
20102010
In base 14, what is 9a - -db?
197
In base 15, what is 1656cd - -3?
1656d1
In base 5, what is -3 - -100300?
100242
In base 3, what is -1001222 - -11020?
-220202
In base 7, what is -25506 + -15?
-25524
In base 4, what is 1013220121 - 23?
1013220032
In base 13, what is 0 - -c975?
c975
In base 12, what is -b + -5401?
-5410
In base 13, what is aab - b4?
9c7
In base 10, what is -4768 + 2?
-4766
In base 7, what is -2312 - 226?
-2541
In base 14, what is 1 - -1a6d?
1a70
In base 11, what is -1451 - -455?
-aa7
In base 6, what is 54540055 + 0?
54540055
In base 12, what is -4 - 330531?
-330535
In base 11, what is -2125 - -8?
-2118
In base 5, what is -340322 - 2?
-340324
In base 13, what is 2 + -74b2?
-74b0
In base 6, what is 212 - -21211?
21423
In base 15, what is -d3 - 2590?
-2673
In base 4, what is -111110 + -121100?
-232210
In base 15, what is -1 - -259ed?
259ec
In base 15, what is 4b5 + -150?
365
In base 8, what is 474440 + 13?
474453
In base 10, what is 27521 + 20?
27541
In base 6, what is -1353 - 1?
-1354
In base 11, what is -2550 - 7?
-2557
In base 13, what is 2a5 - -18?
2c0
In base 3, what is 2011200000000 + -10?
2011122222220
In base 6, what is -154102544 - -4?
-154102540
In base 6, what is -2110025 + 5?
-2110020
In base 10, what is -5902891 - -1?
-5902890
In base 3, what is 22211121011101 - 2?
22211121011022
In base 7, what is -34 - 15034?
-15101
In base 16, what is -4 + 4f9a?
4f96
In base 11, what is -a + -a3926?
-a3935
In base 10, what is 4 - 240475?
-240471
In base 9, what is -3 - -13525?
13522
In base 3, what is 2112 + -202022?
-122210
In base 10, what is -1791 + 252?
-1539
In base 4, what is 0 - -10212110221?
10212110221
In base 8, what is 440437 - -3?
440442
In base 11, what is 243 + -1a5?
49
In base 8, what is -20 - -5710?
5670
In base 15, what is 6 + 16e?
175
In base 12, what is -594 - 41a?
-9b2
In base 3, what is -12120012 + -20?
-12120102
In base 6, what is 51404 - -3253?
55101
In base 8, what is 1 + -535340?
-535337
In base 16, what is -804d + -3?
-8050
In base 8, what is -21 + 2677?
2656
In base 8, what is -624 - 1067?
-1713
In base 10, what is 3 + -3011?
-3008
In base 4, what is -201321313 + -3?
-201321322
In base 7, what is -1152635 - 3?
-1152641
In base 5, what is 10 + -1123414?
-1123404
In base 7, what is -3 - -102031?
102025
In base 7, what is -11 + -1603?
-1614
In base 8, what is 16755 + -41?
16714
In base 15, what is 1e - d4ad?
-d48e
In base 13, what is -a - 1617?
-1624
In base 9, what is 20 - 3348?
-3328
In base 13, what is -2c2 + -6144?
-6436
In base 4, what is -1000030 + 10103?
-323321
In base 5, what is 0 - 113034?
-113034
In base 16, what is 9 - -1c6f?
1c78
In base 5, what is -21 + 3?
-13
In base 16, what is -3 + 220b?
2208
In base 5, what is 3010141442 + -2?
3010141440
In base 2, what is -11 - 100111110011000110?
-100111110011001001
In base 6, what is -1 + 3452413?
3452412
In base 14, what is -1 - 6271?
-6272
In base 8, what is 573 - -2104?
2677
In base 7, what is -122 + 2106?
1654
In base 15, what is 2 - -14d8?
14da
In base 2, what is 10 - 1001111010101111?
-1001111010101101
In base 12, what is -2 - -120782?
120780
In base 16, what is b87 + -372?
815
In base 7, what is -50001 + 2?
-46666
In base 2, what is -110011110010000000 + 0?
-110011110010000000
In base 4, what is -12131 - -21303?
3112
In base 15, what is 39a9 - 4?
39a5
In base 13, what is 1 + 6c4?
6c5
In base 12, what is -1802 + -47b?
-2081
In base 10, what is -5435 - 120?
-5555
In base 16, what is -1edc - 5?
-1ee1
In base 2, what is -1110001101101101 + 111?
-1110001101100110
In base 3, what is -121000 - 12001?
-210001
In base 2, what is 101 - 1011111110010110?
-1011111110010001
In base 16, what is -1f + 215?
1f6
In base 9, what is 3 + -314170?
-314166
In base 9, what is 10 - 2802?
-2782
In base 4, what is 0 - 1101132?
-1101132
In base 14, what is 9 + 3222?
322b
In base 15, what is 5b13c - -3?
5b140
In base 11, what is 1 + 74780?
74781
In base 3, what is -121220 + -11102?
-210022
In base 5, what is 313110 + 22?
313132
In base 3, what is 12020200 + -10?
12020120
In base 6, what is -34 - 44254?
-44332
In base 7, what is 1 - 1200222?
-1200221
In base 12, what is 2783 + -2b?
2754
In base 11, what is -2 - -8096?
8094
In base 11, what is -139 + 359?
220
In base 10, what is -537 + 981?
444
In base 15, what is -31b0 + -2?
-31b2
In base 13, what is -5 - 20960?
-20965
In base 4, what is 12022001032 - -2?
12022001100
In base 16, what is -a7 - -3e39?
3d92
In base 7, what is -10012 + -164?
-10206
In base 10, what is 6030 - 9?
6021
In base 4, what is 3 - -1031222?
1031231
In base 2, what is -1111010011100100 + -11?
-1111010011100111
In base 8, what is -1443 - 61?
-1524
In base 3, what is 202101110 + -2?
202101101
In base 2, what is -10 - -10001011110001?
10001011101111
In base 10, what is 399 - -2755?
3154
In base 8, what is -74236 + -3?
-74241
In base 12, what is 341 + 1004?
1345
In base 8, what is 1 + 1747642?
1747643
In base 8, what is 357430 + -2?
357426
In base 9, what is -4 + 13471?
13466
In base 2, what is -110010110101000110111 + 1?
-110010110101000110110
In base 14, what is 10 - 4c842?
-4c832
In base 2, what is 10110 - 101100101?
-101001111
In base 2, what is 11011110101 + 10011010?
11110001111
In base 9, what is 1676153 + 1?
1676154
In base 3, what is -201 - -1102011?
1101110
In base 8, what is -1 + -747170?
-747171
In base 2, what is 10 + 1100100100001?
1100100100011
In base 16, what is -4 + 201f?
201b
In base 6, what is -1 - -20301034?
20301033
In base 12, what is 0 - -9886?
9886
In base 12, what is -251 + 7a5?
554
In base 2, what is 10101001000000010001 + -100?
10101001000000001101
In base 16, what is -5acd5 + -2?
-5acd7
In base 13, what is -2 + 40253?
40251
In base 8, what is -2705 - -304?
-2401
In base 8, what is -560053 - 6?
-560061
In base 9, what is -22343 + -1?
-22344
In base 10, what is -2665 - 48?
-2713
In base 7, what is -5 + -11324155?
-11324163
In base 9, what is -57147 + -2?
-57150
In base 6, what is -1553332 - -104?
-1553224
In base 5, what is 4202010 - -1?
4202011
In base 9, what is -31522 + -1?
-31523
In base 4, what is 0 - -13322131?
13322131
In base 11, what is 1a - 1577?
